) = y*z(s) + 11*j(s). What is c(0)?
8
Let f(h) = -14*h**3 + h**2 + h - 1. Let r be (-1 - 12/(-5)) + (-30)/75. Determine f(r).
-13
Let v(i) = i - 1. Let m(k) = k + 2. Let s(q) = -m(q) - 3*v(q). Let u = -4 + 7. Suppose 4*z + 0*o = -4*o + 24, 6 = -3*z + u*o. What is s(z)?
-7
Let f(a) = -2*a**3 + 4*a**2 + 2*a - 3. Suppose 3 + 6 = 3*g. Calculate f(g).
-15
Let i(q) = -3*q + 0 - q**2 - 4*q + 1 + q**3 + 5*q. Suppose 4 + 1 = 5*g. Let b = g - -1. Give i(b).
1
Suppose 3*n = 5*g - 29, 3*g - 2*n - n - 21 = 0. Let w(i) = 4 + 26*i - 7 - 24*i. Determine w(g).
5
Let z(r) = 9*r**2 + 19*r + 13. Let q(c) = -5*c**2 - 10*c - 7. Let n(x) = -11*q(x) - 6*z(x). Determine n(3).
-4
Let k(u) = u**2 + u - 1. Let n(v) = v**3 + 4*v**2 - 7. Let r(a) = 4*k(a) - n(a). Give r(-2).
3
Suppose 0 = -5*d + 3*l - 15, 4*l + 31 = 11. Let k(g) = g**3 + 6*g**2 - 3*g + 1. Give k(d).
19
Let v be 3/6 + (-10)/(-4). Suppose -10 - 53 = -v*h. Suppose 4*r = 3*r + b - 7, 2*b = -5*r - h. Let m(i) = i + 5. Determine m(r).
0
Let y be (2/(-3))/(2/15). Let n(v) = -v**3 - 5*v**2 + v - 1. Determine n(y).
-6
Let n = 10 - 6. Let c(s) be the second derivative of -s**3/6 - s**2/2 - 2*s. Let m be c(n). Let v(r) = -r**2 - 3*r + 7. Calculate v(m).
-3
Let j(a) be the second derivative of -a**5/60 - a**4/8 + a**3/3 + 3*a**2/2 + 2*a. Let r(v) be the first derivative of j(v). Determine r(-4).
-2
Let z(x) = x**3 + 10*x**2 + 10*x + 9. Suppose 5*s - 3*s = -18. Determine z(s).
0
Suppose 0*v + 30 = -3*v. Let b = v - -5. Let r(a) be the first derivative of -a**4/4 - 2*a**3 - 5*a**2/2 + 2*a - 2. What is r(b)?
2
Let q(c) = c + 5. Let b(f) be the second derivative of -5/12*f**4 + 1/20*f**5 + 0 + f + 2/3*f**3 - 2*f**2. Let y be b(4). Calculate q(y).
1
Let y(j) = j**2 - 3*j - 6. Let o be y(4). Let k = -3 - o. Let i(f) = 9*f**3 - 2*f - 1. Give i(k).
-8
Let d(i) = -8 + 1 + 2*i + i**3 - 4*i**2 - i + 7*i**2. Let x(u) = -2*u**3 - 7*u**2 - 3*u + 13. Let k(a) = 7*d(a) + 4*x(a). Determine k(-6).
-3
Let u(q) = q**2 + 7*q - 1 - 2*q**2 - 1 - 6. Let z(i) be the third derivative of -i**5/60 + i**3 - 2*i**2. Let g be z(0). What is u(g)?
-2
Let o(d) = d**3 - d**2 - d + 1. Let x = 26 - 25. Let q be o(x). Let f(w) = w**3 - w**2 - w - 8. Determine f(q).
-8
Let p(h) = 12*h**3 + 3*h**2 + 4*h. Let c(f) = 11*f**3 + 2*f**2 + 3*f. Let s(d) = d + 10. Let t be s(-5). Let a(z) = t*c(z) - 4*p(z). Calculate a(-1).
-8
Let f(v) = v + 9. Let g be 2/(-1*(-2)/(-3)). Let z be 5*g/6*2. Let k be f(z). Let t(l) = l**3 - 3*l**2 - 5*l + 4. Calculate t(k).
0
Let c be (-4)/(-38) + 1488/304. Let g(h) = h**2 - 4*h - 1. Determine g(c).
4
Let r(c) = -c + 1. Let d(v) = v. Let i(k) = 3*d(k) - r(k). Determine i(-4).
-17
Let z = 156 + -150. Let m(s) = -s + 1. Give m(z).
-5
Let r(j) be the third derivative of j**6/720 - j**5/60 + 3*j**4/8 + 2*j**2. Let c(h) be the second derivative of r(h). Give c(-5).
-7
Let f(v) = v + 4*v**2 + 2*v - 3*v**2. Let i be f(-3). Suppose l = -5 - i. Let b(g) = -g**2 - 3*g + 2. Give b(l).
-8
Suppose 0 = 5*h - 3*a - 2*a - 25, -5*h + 3*a = -15. Let r(q) = -27 + 27 + q. Calculate r(h).
0
Let v(i) = -i**3 + 5*i**2 + 4*i - 1. Suppose 5*b = -5 - 10. Let j(k) = -k**3 + 6*k**2 + 5*k - 1. Let s(h) = b*j(h) + 4*v(h). Give s(3).
-7
Let w(q) = -9*q**3 - 6*q**2 + 17*q - 7. Let y(f) = -5*f**3 - 3*f**2 + 9*f - 4. Let u(i) = -4*w(i) + 7*y(i). Give u(-4).
4
Let s(c) = -c**2 - 3*c + 4. Suppose 0 = 3*b - 4 - 5. Suppose 0 = b*v + 2*v - 15. Suppose o + v*o = -w - 23, 3*o = -4*w - 27. Give s(o).
-6
Let b(v) = -v + 1. Let u(i) = i. Let y(z) = -3*b(z) - u(z). Let q be y(2). Let a(s) = s - 10*s**3 + 5*s**3 + 11*s**3. What is a(q)?
7
Let v be (-4)/18 - (-76)/18. Let z(k) = 0 - 4 + v*k - 3*k - k**2 + 4*k. What is z(4)?
0
Let d = 5 + -2. Let a(x) = -x**3 + 3*x**2 - x**2 + d*x**3 - 3*x + 4*x. Calculate a(-1).
-1
Suppose 2*t - 12 = -4*w, 4*w - w + 4*t - 14 = 0. Let g(r) be the second derivative of -r**4/6 + 2*r**3/3 - r**2 - 3*r. What is g(w)?
-2
Let n be 20/(-6) + 3/9. Let c(p) = p + 2. Give c(n).
-1
Let w(t) be the first derivative of t**3/3 - 5*t**2/2 - 4*t - 4. Give w(6).
2
Let n = 4 + 0. Let t(l) = l**3 + 1. Let a(i) be the first derivative of 5*i**4/4 - 5*i**3/3 + i**2/2 + 9*i - 3. Let j(r) = a(r) - 4*t(r). Give j(n).
-7
Suppose -2*b - 4 = -3*t + 4, 4 = -b + 4*t. Let v(l) = l + 4. Calculate v(b).
0
Let x(m) = -m - 2. Suppose -3*i = -5*y + 2*y - 33, 2*y = 3*i - 29. Suppose 4*u - 31 = -i. Let o be (u/4 + -1)*0. Calculate x(o).
-2
Suppose 15*g - 20 = 11*g. Let j(y) = y**2 - 6*y - 7. Determine j(g).
-12
Let o be (-93)/62*4/3. Let l(d) = 8*d - 1. Calculate l(o).
-17
Let o(l) be the third derivative of 0*l - 5*l**2 + 0 - 1/120*l**6 - 1/60*l**5 + 1/2*l**3 + 1/6*l**4. Determine o(-2).
-1
Let t(n) = -n**3 + 6*n**2 + 6*n + 9. Let r be t(7). Let s be (5/2)/(r/4). Let q(y) = 1. Let z(h) = h**2 - 7*h + 2. Let f(i) = 3*q(i) + z(i). Give f(s).
-5
Let l(m) = m - 1. Let o(j) = 2*j - 3. Let z(d) = 3*l(d) - o(d). Determine z(7).
7
Let x(k) = -1 - 4 + 6 - 6*k**3 - 2. Let p be (2 + -1)*(-1 + 0). Calculate x(p).
5
Let j(g) be the third derivative of -g**8/20160 + g**7/2520 - g**6/720 + g**5/60 + 3*g**2. Let t(m) be the third derivative of j(m). Determine t(3).
-4
Let w(f) = -3*f**3 + 10 - f + 2*f**3 + 0*f. What is w(0)?
10
Let j(w) = w**2 + 3*w - 5. Suppose -4 - 1 = 3*q - 5*m, -11 = 3*q - 2*m. Give j(q).
5
Let u(c) = -c**3 - 7*c**2 + 6*c - 16. Let r be u(-8). Let y(w) = w**2 + 10. What is y(r)?
10
Let m(h) = -h - 2. Let c be m(-4). Let g be 1/(-3) + 25/3. Suppose -2*p + o = 2*o - 2, c*o = g. Let l(w) = w + 1. Determine l(p).
0
Let l(m) = 2*m + 8. Let v = -39 + 33. What is l(v)?
-4
Suppose 0 = 6*o - 21 - 3. Let q(i) = -i**2 + 3*i - 4. Determine q(o).
-8
Suppose 9 + 6 = 3*x. Suppose -x*s - g + 1 = 0, 2*s = 2*g - 4*g - 6. Let f(m) = -3*m**2. Determine f(s).
-3
Let z(o) = o**2 - 10*o - 9. Let u(p) = p + 2. Let i be u(9). Let l be z(i). Let n(j) = -5*j + 2. Calculate n(l).
-8
Let o(g) = g**2 - 5*g + 5. Let m = -3 + 5. Suppose 5*b - 4*c = 40, m*c - 3 - 3 = -4*b. Calculate o(b).
1
Let f(b) = -b + 2. Let v(w) = 2*w - 4. Let q(n) = -7*f(n) - 4*v(n). Let j(l) = 9*l - 21. Let s(x) = -2*j(x) - 21*q(x). Give s(-2).
-6
Suppose 1 = v - 3. Let i be v/(-6) + 2/3. Let y(w) = -w - 1. Let j(g) = -7*g - 5. Let t(s) = j(s) - 6*y(s). Give t(i).
1
Let z(k) be the third derivative of -1/24*k**4 - 5/6*k**3 + 0 + 0*k + 4*k**2. What is z(4)?
-9
Let i(h) = -h**3 - h**2 - 1. Let b be (-10)/(-6) - 4/6. Suppose 0 = j - 3 - 0. Suppose -s - j = -b. Calculate i(s).
3
Let s(f) = -3*f - 41. Let j be s(-15). Let v(n) = -4*n**2 + 4 + 1 - 2 - 3*n + n**3. Give v(j).
-9
Let p = -34 - -37. Let k(x) be the second derivative of -3*x - 1/6*x**p + 0 + 0*x**2 - 1/12*x**4. Determine k(-2).
-2
Let h(q) be the second derivative of q**7/120 - q**3/2 - 6*q. Let u(t) be the second derivative of h(t). Suppose b - 4*d - 7 = -2*b, 3 = -3*d. What is u(b)?
7
Suppose -v = 2*x - 36, 0*x + 129 = 4*v + 5*x. Let n be v/4 + (-4)/8. Let z(h) = h - 1. Give z(n).
5
Let y(s) = -9*s**2 + s**3 - 8*s**2 - 2 - 7*s**2 + 3*s + 20*s**2. Determine y(4).
10
Let h(f) = -2*f + 0*f**3 - 1 - f**3 + 6*f**2 + 10. Suppose -5 + 29 = 4*r. Calculate h(r).
-3
Let l(n) be the first derivative of -n**3/3 - 5*n + 1. Let k = -10 + 19. Suppose k = 4*g + 2*q + 1, 3*g + q - 4 = 0. What is l(g)?
-5
Let l(x) be the first derivative of x**6/120 - x**5/15 - x**4/24 - x**3/3 - 3*x**2/2 - 4. Let q(m) be the second derivative of l(m). Determine q(4).
-6
Let d = 4 - 4. Let f = d + -2. Let a be -6*(f/6 + 1). Let z(b) = b**3 + 3*b**2 - 6*b - 6. What is z(a)?
2
Let p(b) = -b**2 - 10*b - 6. Suppose 4*o = 3*d + 27, 3*o + 45 = -5*d - 0*o. Give p(d).
3
Let y be (-2)/(-7) + 38/14. Let d(q) = 4*q - 5. Let u(n) = -5*n + 6. Let r(h) = -h**2 + 6*h + 1. Let i be r(5). Let a(k) = i*d(k) + 5*u(k). What is a(y)?
-3
Let y(s) be the second derivative of -4*s**3/3 - s**2/2 - 23*s. Calculate y(-1).
7
Let t = 38 - 455/12. Let d(a) be the second derivative of 0 - 1/6*a**3 + 0*a**2 + a + t*a**4. What is d(0)?
0
Let s(t) be the third derivative of t**6/120 - t**5/30 + t**4/12 - t**3/6 + t**2. Let h be -2*2/4 - -5. Suppose 3*g - h*g + 1 = 0. Determine s(g).
0
Let h(z) = 5*z**2 - 1. Let m be h(1). Suppose -m*v + 15 = v. Let u(w) = w - w + 5 + 2*w**2 - 9 - 3*w. Calculate u(v).
5
Let t(k) be the first derivative of -k